f c.
2, 47, 313
Let b(g) = 53*g**2 + 186*g + 36. What are the prime factors of b(-18)?
2, 3, 5, 7, 11
Suppose -92*i + 66*i + 6156 = -44*i. Suppose c + 375 = -2*j, 2*j + c + 190 = j. Let p = j - i. What are the prime factors of p?
157
Let h = 888 - 888. Suppose h = -31*x - 2519 + 13400. List the prime factors of x.
3, 13
Let f(n) = 3626*n**2 - 39*n - 46. List the prime factors of f(-2).
2, 23, 79
Suppose -o = -2, -6836 = 19*g - 21*g - o. List the prime factors of g.
3, 17, 67
Suppose -375 = 15*r + 1650. Let f = 1159 + r. List the prime factors of f.
2
Suppose 4*u - 10 = -x, -3*u + 1 = 2*x - 4. Let s(y) = -96*y**3 - 2*y**2 + 3*y + 2. Let q be s(x). Suppose -q + 154 = -7*m. List the prime factors of m.
2, 43
Let f = 55886 - 25940. List the prime factors of f.
2, 3, 7, 23, 31
Suppose 266 = -10*f + 776. Suppose 5*m - 2*m + f = 0. Let c(l) = l**2 + 2*l - 41. What are the prime factors of c(m)?
2, 107
Let p(k) be the first derivative of k**3/3 + 5*k**2/2 - 8*k + 29. List the prime factors of p(4).
2, 7
Let m(b) = 3*b**3 - 13*b**2 + 3*b. Let c(v) = 5*v**3 - 26*v**2 + 6*v + 1. Let o(n) = -4*c(n) + 7*m(n). What are the prime factors of o(-5)?
211
Suppose -36*i + 68*i = 169024. List the prime factors of i.
2, 19, 139
Suppose 4*b - 26 + 126 = -2*p, -b - 25 = 3*p. What are the prime factors of 10/(-4)*b*(1 - -3)?
2, 5
Suppose 5*k = 2*o - 150, -2*o + 217 - 59 = -3*k. Suppose -2823 = -4*l + o. What are the prime factors of l?
727
Let n(k) = -k + 1. Let s(u) = -2*u - 32. Let r(z) = 5*n(z) + s(z). Suppose -18*h = -19*h - 6. What are the prime factors of r(h)?
3, 5
Let x = 290 - -677. Suppose 0 = -4*j - 12, 2*j = 4*v + 5*j - x. Let w = -127 + v. List the prime factors of w.
3, 13
Suppose 15 + 33 = 6*g. Suppose 3*l + 1730 = 3*k + g*l, -k = 3*l - 578. What are the prime factors of k?
5, 23
Let g(y) = 8*y + 5664. Let n = -129 + 129. Let t be g(n). List the prime factors of t/27 - (-4)/18.
2, 3, 5, 7
Suppose -41*x = -30*x + 52*x - 655389. List the prime factors of x.
101, 103
Let p(c) = -c**3 - 4*c**2 + 5*c + 3. Let v = -13 + 8. Let k be p(v). Suppose -3*d = k*z - 87, 5*z - 72 = 3*z + 5*d. What are the prime factors of z?
31
Suppose -4*w = -4*h - 87592, -2*w + 5*h + 26568 = -17210. What are the prime factors of w?
2, 37
Let k(q) be the first derivative of q**3/3 + q - 31. Let u(j) = 2*j**3 + 22*j**2 - 7*j - 17. Let r(v) = -k(v) - u(v). List the prime factors of r(-12).
2, 19
Suppose -1349 = -17*y + 96. Suppose -7*d - 2 = -8*d. Let q = d + y. List the prime factors of q.
3, 29
Let b be 1 + (-5)/((-40)/24). Suppose 1511 = h + 5*d, b*d = -0*h + 4*h - 5996. List the prime factors of h.
19, 79
Let m(j) = 58*j**2 - 6*j + 16. Let d = -392 - -394. What are the prime factors of m(d)?
2, 59
Suppose -3*p = -2*y + 38, 2*y - 3*y + 5 = 2*p. Let z(w) = 6*w - 30. Let d be z(y). Suppose 3 = 2*c - 3, 0 = -2*s - 4*c + d. List the prime factors of s.
2, 3
Let q(w) = 34*w + 4. Let r be q(4). Let s be (-40)/r - (37/(-7) + 1). What are the prime factors of -12*1/2*(-58)/s?
3, 29
Let u = 3124 - 1394. List the prime factors of u.
2, 5, 173
Suppose 17*m = 69134 + 123238. List the prime factors of m.
2, 3, 23, 41
Suppose 0 = 1654*h - 1600*h - 2979342. What are the prime factors of h?
3, 53, 347
Let i be (-17)/(-4) + (-150)/120. Suppose 0 = 3*a - i*b - 1023, 1019 = 16*a - 13*a - 5*b. List the prime factors of a.
7
Let c be (-12)/3 + 132/22. Suppose c*p + r - 2048 = -2*p, 0 = -5*p + 3*r + 2560. List the prime factors of p.
2
Let m = -333 + 338. Suppose -5*o + 2172 = -m*l - 7963, 4*o + 5*l = 8099. List the prime factors of o.
2, 1013
Let h(p) = 2*p**3 + 59*p**2 + 13*p + 290. List the prime factors of h(-27).
2, 7
Suppose m - 4*h = -38, -2*m + m = -3*h + 35. Let i = -1575 + 1572. Let f = i - m. What are the prime factors of f?
23
Let b = -157 - -112. Let q = b + 47. Suppose 18 = 5*s - i, -2*s - s - q*i = -3. What are the prime factors of s?
3
Let q = 1196 - -2721. What are the prime factors of q?
3917
Suppose 5*x = -2*b + 17, -2*x - 92 + 19 = -3*b. What are the prime factors of (-4)/(-7) + 16683/b?
3, 5, 53
Let h be 50706/22 - 18/(-99). Let f = -1341 + h. What are the prime factors of (-12)/(-20) - f/(-10)?
97
Suppose 4*n - 4*v = 14314 + 10674, n = -2*v + 6253. Suppose -481 = 8*a - n. What are the prime factors of a?
7, 103
Suppose -111*i + 118*i - 4109 = 0. Let z = i + 120. List the prime factors of z.
7, 101
Let p(s) = -302*s - 606. List the prime factors of p(-24).
2, 3, 41
What are the prime factors of 21/(2310/20) + 852655/55?
37, 419
Suppose 0 = t + 9 - 118. Let b = t + -20. Suppose 0*r - r = -b. List the prime factors of r.
89
Suppose -101283 = 3*d - 63*d - 16443. List the prime factors of d.
2, 7, 101
Let z(m) = -m**3 + 39*m**2 - 100*m + 88. Let w be z(36). Let c = -65 + w. List the prime factors of c.
311
Let a = -8348 - -17317. List the prime factors of a.
8969
Let i = 31541 - 15852. What are the prime factors of i?
29, 541
Suppose -92399 = -3*g + 5*t, -2*g - 3*t + 61601 = -8*t. List the prime factors of g.
2, 3, 29, 59
Let w(t) = -43*t**2 + 3. Let a be -11 + 12 + 0 + 0. Let x(c) = 1. Let u(y) = a*x(y) - w(y). List the prime factors of u(-2).
2, 5, 17
Suppose 2*y - 29 = -49. Let a(v) = 3*v**2 + 1. Let n be a(y). Suppose -587 - n = -12*w. List the prime factors of w.
2, 37
Let n = -4890 - -1579. Let s = n - -5260. List the prime factors of s.
1949
Let i(k) = -224*k**3 + 2*k**2 + 2*k. Let h be i(-1). Let s = h + -182. List the prime factors of s.
2, 3, 7
Suppose 146*h + 37478 = 150*h - 3*o, -4*h = -4*o - 37480. What are the prime factors of h?
2, 1171
Let b = -6890 - -8516. List the prime factors of b.
2, 3, 271
Let c(w) = 27*w - 59 + 28*w**2 + 35*w**2 + 27*w**2 - 89*w**2. What are the prime factors of c(22)?
1019
Let f(p) = p**3 + 15*p**2 + 13*p - 13. Let l be f(-14). Let z be ((-28)/(-10))/(8/(-10) + l). List the prime factors of 4/z - 5/((-35)/26).
2
What are the prime factors of (1179498/12)/((-286)/(-52)) + (-4)/22?
3, 7, 23, 37
Suppose 4*f - 3*c - 1484 = -c, -4*f = 4*c - 1472. Let m = 1188 - f. What are the prime factors of m?
2, 409
Let v be -239*(3 + -4 - 0). Suppose 4*x - 57 = -4*w + v, -4*w - x = -311. Let l = w - -65. What are the prime factors of l?
2, 3
Suppose d = 5 - 0. Let a = d + -6. Let o(i) = -139*i**3 - i**2 + i + 2. List the prime factors of o(a).
139
List the prime factors of -8 + 20/(-10) - -1481.
1471
Let o be (16/20)/((-8)/(-660)). Suppose 62*c + 200 = o*c. Suppose q + r - 16 = 34, c = q + 4*r. List the prime factors of q.
2, 5
What are the prime factors of ((-736)/80)/(-23) + 47808/5?
2, 7, 683
Suppose p - u = -4*u - 8, 4*p + 47 = 3*u. Let n(r) = -r - 14. Let h be n(p). List the prime factors of (1 - h)*1*(-4)/(-1).
2
Suppose -2 - 2 = -5*f - 3*a, -5*a - 10 = 0. Suppose 0 = f*g - 2*y + 4, 2*g - 40 = 7*g + 5*y. List the prime factors of 4 - (-3 - g/2)*4.
2, 3
Let o(b) = b**3 - 12*b**2 + 47*b - 3. List the prime factors of o(26).
3, 1187
Let m(g) = 32*g**2 + 20*g + 638. What are the prime factors of m(20)?
2, 11, 17, 37
Suppose -w + 16 = 3*l, 2*w + l - 16 = -l. Let y(j) = 6*j**2 + 6*j**2 + 9 + 12*j - 3*j**2 + w*j. List the prime factors of y(-5).
2, 7, 11
Let c(d) = d**2 - 2*d - 3. Let s be c(-1). Suppose s = 5*r, 4*l + r + 2*r - 1384 = 0. Let h = l - 206. What are the prime factors of h?
2, 5, 7
Let a be 3/(-6)*838*3*-1. Let f = -799 + a. What are the prime factors of f?
2, 229
Suppose 23 = 13*k - 3. List the prime factors of 3304/12 - k/(-3).
2, 3, 23
Let m = 1181 + 365. List the prime factors of m.
2, 773
Suppose 1540732 - 22852 = 40*k. What are the prime factors of k?
3, 7, 13, 139
Let b = -820 - -2202. Let p = -920 + b. What are the prime factors of p?
2, 3, 7, 11
Let r = 333 + -307. Suppose 2*w = -r*w + 30072. What are the prime factors of w?
2, 3, 179
Let j be 2835/(-30) + 1/(-2). Let k = -99 - j. List the prime factors of (-2)/8 + (k - 637/(-4)).
5, 31
Let r be (-46879)/(-851) + (-4)/46. Let c be (-2)/7 + 438/14. Let j = r + c. What are the prime factors of j?
2, 43
Let b = 1523 - 3426. Let p = b - -1090. What are the prime factors of -1*(p/3 + 2)?
269
Let f = -46 + 51. Suppose -4*v + 3*u - 66 + 447 = 0, 456 = f*v + 3*u. List the prime factors of (-1 - (0 - -3)) + v.
89
Let d(l) = -55*l - 17. Suppose 308 = 11*y - 15*y. Let s = 74 + y. List the prime fa